300?
0
What is the hundreds digit of 877153203?
2
What is the tens digit of 39669743?
4
What is the ten millions digit of 76024341?
7
What is the ten thousands digit of 128870306?
7
What is the hundred millions digit of 154149868?
1
What is the hundreds digit of 2339187151?
1
What is the hundred millions digit of 919797085?
9
What is the hundred thousands digit of 2027052388?
0
What is the tens digit of 609825626?
2
What is the thousands digit of 4957983?
7
What is the tens digit of 54420830?
3
What is the hundred thousands digit of 546916724?
9
What is the tens digit of 1543103989?
8
What is the units digit of 3109963858?
8
What is the thousands digit of 686408696?
8
What is the ten thousands digit of 62889893?
8
What is the thousands digit of 26673279?
3
What is the millions digit of 194758501?
4
What is the hundred thousands digit of 363096879?
0
What is the hundred millions digit of 286757997?
2
What is the ten millions digit of 2418597864?
1
What is the units digit of 1144737552?
2
What is the hundreds digit of 42565699?
6
What is the hundreds digit of 362993857?
8
What is the millions digit of 1643234568?
3
What is the units digit of 1903604626?
6
What is the hundred thousands digit of 71593157?
5
What is the millions digit of 151009287?
1
What is the units digit of 327331397?
7
What is the ten millions digit of 102336178?
0
What is the ten millions digit of 180206104?
8
What is the ten thousands digit of 63748191?
4
What is the ten millions digit of 101779603?
0
What is the millions digit of 82386073?
2
What is the hundred thousands digit of 131774012?
7
What is the hundred millions digit of 2704386043?
7
What is the hundred thousands digit of 109456979?
4
What is the ten thousands digit of 357649900?
4
What is the tens digit of 57446093?
9
What is the billions digit of 1738901808?
1
What is the billions digit of 1414785186?
1
What is the tens digit of 810350797?
9
What is the ten thousands digit of 59448169?
4
What is the hundred millions digit of 1429016758?
4
What is the hundreds digit of 82191868?
8
What is the hundreds digit of 5780179765?
7
What is the thousands digit of 322355921?
5
What is the units digit of 1121650101?
1
What is the hundred millions digit of 3126011841?
1
What is the ten millions digit of 234516567?
3
What is the hundred thousands digit of 81429749?
4
What is the billions digit of 1475625598?
1
What is the ten millions digit of 8471257277?
7
What is the thousands digit of 210915903?
5
What is the ten thousands digit of 405975918?
7
What is the hundred thousands digit of 155062245?
0
What is the billions digit of 4914483206?
4
What is the units digit of 43811529?
9
What is the ten thousands digit of 72786499?
8
What is the millions digit of 6641381698?
1
What is the ten thousands digit of 966389589?
8
What is the hundreds digit of 132075372?
3
What is the hundred thousands digit of 19839931?
8
What is the ten thousands digit of 166373813?
7
What is the ten millions digit of 75337876?
7
What is the thousands digit of 320759819?
9
What is the hundreds digit of 1109605112?
1
What is the thousands digit of 118013631?
3
What is the thousands digit of 14150672?
0
What is the hundred thousands digit of 2652528818?
5
What is the tens digit of 194338821?
2
What is the tens digit of 131684880?
8
What is the units digit of 432264751?
1
What is the units digit of 1601788101?
1
What is the hundreds digit of 58205682?
6
What is the units digit of 2393051?
1
What is the ten millions digit of 18844712?
1
What is the tens digit of 270319794?
9
What is the millions digit of 1603951005?
3
What is the units digit of 1733827079?
9
What is the hundreds digit of 329852972?
9
What is the ten thousands digit of 653594865?
9
What is the millions digit of 146994344?
6
What is the ten thousands digit of 202988482?
8
What is the thousands digit of 2535792631?
2
What is the millions digit of 377480692?
7
What is the hundred thousands digit of 165982887?
9
What is the units digit of 213426113?
3
What is the thousands digit of 484702050?
2
What is the thousands digit of 7316906457?
6
What is the billions digit of 1915420870?
1
What is the hundreds digit of 11407769?
7
What is the ten thousands digit of 444413058?
1
What is the ten thousands digit of 265965391?
6
What is the ten millions digit of 942096581?
4
What is the thousands digit of 207753895?
3
What is the ten thousands digit of 45692486?
9
What is the thousands digit of 257271501?
1
What is the tens digit of 2794065934?
3
What is the hundred thousands digit of 303904041?
9
What is the hundreds digit of 183536855?
8
What is the tens digit of 139206174?
7
What is the tens digit of 137346138?
3
What is the hundred thousands digit of 24329880?
3
What is the ten thousands digit of 331298068?
9
What is the thousands digit of 58723593?
3
What is the ten millions digit of 162533828?
6
What is the hundred thousands digit of 58014118?
0
What is the thousands digit of 45515022?
5
What is the units digit of 50503608?
8
What is the millions digit of 711486871?
1
What is the units digit of 37141556?
6
What is the ten millions digit of 1492012246?
9
What is the millions digit of 57191387?
7
What is the units digit of 1315054610?
0
What is the thousands digit of 142618973?
8
What is the hundreds digit of 40941569?
5
What is the billions digit of 1118867162?
1
What is the hundred millions digit of 500568172?
5
What is the hundreds digit of 3871893911?
9
What is the hundred thousands digit of 2553178783?
1
What is the millions digit of 2663756468?
3
What is the millions digit of 8523799675?
3
What is the hundreds digit of 1023701583?
5
What is the thousands digit of 110045045?
5
What is the ten millions digit of 321343390?
2
What is the thousands digit of 14512830?
2
What is the ten millions digit of 2487713599?
8
What is the hundred millions digit of 2801623302?
8
What is the units digit of 6645335806?
6
What is the hundreds digit of 15862698?
6
What is the millions digit of 30430589?
0
What is the hundreds digit of 613134893?
8
What is the hundred thousands digit of 1112132305?
1
What is the ten thousands digit of 664475952?
7
What is the ten millions digit of 10455221?
1
What is the ten thousands digit of 1526453779?
5
What is the millions digit of 904331736?
4
What is the ten thousands digit of 4851357?
5
What is the hundreds digit of 19482827?
8
What is the hundred millions digit of 170559950?
1
What is the thousands digit of 622303926?
3
What is the hundred millions digit of 304799558?
3
What is the ten millions digit of 99121609?
9
What is the thousands digit of 3957420206?
0
What is the ten thousands digit of 4518657830?
5
What is the units digit of 269654869?
9
What is the ten thousands digit of 13623491?
2
What is the hundred millions digit of 1416042368?
4
What is the tens digit of 1058505922?
2
What is the ten thousands digit of 173081157?
8
What is the units digit of 9627131?
1
What is the thousands digit of 56013719?
3
What is the tens digit of 182049577?
7
What is the millions digit of 1397132821?
7
What is the hundreds digit of 1097530138?
1
What is the ten thousands digit of 135066672?
6
What is the millions digit of 1002897584?
2
What is the ten millions digit of 682032049?
8
What is the tens digit of 52674617?
1
What is the hundred millions digit of 1827107964?
8
What is the hundreds digit of 265920389?
3
What is the units digit of 146734873?
3
What is the millions digit of 385164585?
5
What is the millions digit of 232387875?
2
What is the ten thousands digit of 133260233?
6
What is the thousands digit of 4106507?
6
What is the tens digit of 5638116890?
9
What is the units digit of 1099621335?
5
What is the hundreds digit of 718346092?
0
What is the units digit of 167791018?
8
What is the ten millions digit of 85632705?
8
What is the millions digit of 78069691?
8
What is the units digit of 962693848?
8
What is the millions digit of 59542079?
9
What is the hundred thousands digit of 976383372?
3
What is the hundred thousands digit of 148157088?
1
What is the thousands digit of 1937229037?
9
What is the millions digit of 177243894?
7
What is the units digit of 367562488?
8
What is the hundred thousands digit of 10030767?
0
What is the ten millions digit of 186301225?
8
What is the